{"id":1413,"date":"2019-07-07T11:43:44","date_gmt":"2019-07-07T16:43:44","guid":{"rendered":"https:\/\/www.agroserag.com\/site\/?post_type=product&#038;p=1413"},"modified":"2022-07-06T17:22:06","modified_gmt":"2022-07-06T22:22:06","slug":"glyfosan-sl","status":"publish","type":"product","link":"https:\/\/www.agroserag.com\/site\/shop\/proteccion\/herbicidas\/glyfosan-sl\/","title":{"rendered":"GLYFOSAN SL"},"content":{"rendered":"<p><strong>GLYFOSAN<sup>\u00ae<\/sup> SL, <\/strong>es un herbicida no selectivo, de aplicaci\u00f3n postemergente y acci\u00f3n sist\u00e9mica, recomendado para el control de la mayor\u00eda de las malezas anuales y perennes. Penetra por las hojas y se mueve dentro de las partes a\u00e9reas y subterr\u00e1neas de las plantas causando la muerte total de las malezas entre los 7 a 15 d\u00edas despu\u00e9s del tratamiento.<\/p>\n<p><strong>GLYFOSAN<sup>\u00ae<\/sup> SL<\/strong>, es inactivo por el suelo despu\u00e9s de su aplicaci\u00f3n. Por esta raz\u00f3n, no deja residuos que puedan afectar las siembras posteriores, ni tampoco penetrar por las ra\u00edces de cultivos ya establecidos.<\/p>\n<p><strong>GLYFOSAN<sup>\u00ae<\/sup> SL<\/strong>, no es vol\u00e1til. Los riesgos de causar da\u00f1os a los cultivos vecinos se reducen considerablemente cuando se aplica dirigido, utilizando pantalla protectora, para evitar que las gotas de aspersi\u00f3n alcancen las hojas o partes verdes de las plantas deseables.<\/p>\n","protected":false},"excerpt":{"rendered":"<p><img loading=\"lazy\" decoding=\"async\" class=\"alignnone size-full wp-image-15790\" src=\"https:\/\/www.agroserag.com\/site\/wp-content\/uploads\/2021\/08\/Glyfosan_SL-1.jpg\" alt=\"\" width=\"190\" height=\"60\" \/><br \/>\nI.A: Glifosato<br \/>\nREGISTRO ICA: 2414<br \/>\nCATEGOR\u00cdA TOXICOL\u00d3GICA: III LIGERAMENTE PELIGROSO<\/p>\n","protected":false},"featured_media":15600,"template":"","meta":{"om_disable_all_campaigns":false,"_uag_custom_page_level_css":"","_monsterinsights_skip_tracking":false,"_monsterinsights_sitenote_active":false,"_monsterinsights_sitenote_note":"","_monsterinsights_sitenote_category":0},"product_brand":[],"product_cat":[19,18],"product_tag":[],"class_list":{"0":"post-1413","1":"product","2":"type-product","3":"status-publish","4":"has-post-thumbnail","6":"product_cat-herbicidas","7":"product_cat-proteccion","9":"first","10":"instock","11":"taxable","12":"shipping-taxable","13":"product-type-simple"},"aioseo_notices":[],"uagb_featured_image_src":{"full":["https:\/\/www.agroserag.com\/site\/wp-content\/uploads\/2021\/08\/Glyfosan_SL.jpg",500,500,false],"thumbnail":["https:\/\/www.agroserag.com\/site\/wp-content\/uploads\/2021\/08\/Glyfosan_SL.jpg",150,150,false],"medium":["https:\/\/www.agroserag.com\/site\/wp-content\/uploads\/2021\/08\/Glyfosan_SL.jpg",300,300,false],"medium_large":["https:\/\/www.agroserag.com\/site\/wp-content\/uploads\/2021\/08\/Glyfosan_SL.jpg",500,500,false],"large":["https:\/\/www.agroserag.com\/site\/wp-content\/uploads\/2021\/08\/Glyfosan_SL.jpg",500,500,false],"1536x1536":["https:\/\/www.agroserag.com\/site\/wp-content\/uploads\/2021\/08\/Glyfosan_SL.jpg",500,500,false],"2048x2048":["https:\/\/www.agroserag.com\/site\/wp-content\/uploads\/2021\/08\/Glyfosan_SL.jpg",500,500,false],"woocommerce_thumbnail":["https:\/\/www.agroserag.com\/site\/wp-content\/uploads\/2021\/08\/Glyfosan_SL.jpg",265,265,false],"woocommerce_single":["https:\/\/www.agroserag.com\/site\/wp-content\/uploads\/2021\/08\/Glyfosan_SL.jpg",450,450,false],"woocommerce_gallery_thumbnail":["https:\/\/www.agroserag.com\/site\/wp-content\/uploads\/2021\/08\/Glyfosan_SL.jpg",100,100,false],"sow-carousel-default":["https:\/\/www.agroserag.com\/site\/wp-content\/uploads\/2021\/08\/Glyfosan_SL.jpg",182,182,false]},"uagb_author_info":{"display_name":"Mar\u00eda Fernanda Figueroa","author_link":false},"uagb_comment_info":0,"uagb_excerpt":"I.A: Glifosato REGISTRO ICA: 2414 CATEGOR\u00cdA TOXICOL\u00d3GICA: III LIGERAMENTE PELIGROSO","_links":{"self":[{"href":"https:\/\/www.agroserag.com\/site\/wp-json\/wp\/v2\/product\/1413","targetHints":{"allow":["GET"]}}],"collection":[{"href":"https:\/\/www.agroserag.com\/site\/wp-json\/wp\/v2\/product"}],"about":[{"href":"https:\/\/www.agroserag.com\/site\/wp-json\/wp\/v2\/types\/product"}],"wp:featuredmedia":[{"embeddable":true,"href":"https:\/\/www.agroserag.com\/site\/wp-json\/wp\/v2\/media\/15600"}],"wp:attachment":[{"href":"https:\/\/www.agroserag.com\/site\/wp-json\/wp\/v2\/media?parent=1413"}],"wp:term":[{"taxonomy":"product_brand","embeddable":true,"href":"https:\/\/www.agroserag.com\/site\/wp-json\/wp\/v2\/product_brand?post=1413"},{"taxonomy":"product_cat","embeddable":true,"href":"https:\/\/www.agroserag.com\/site\/wp-json\/wp\/v2\/product_cat?post=1413"},{"taxonomy":"product_tag","embeddable":true,"href":"https:\/\/www.agroserag.com\/site\/wp-json\/wp\/v2\/product_tag?post=1413"}],"curies":[{"name":"wp","href":"https:\/\/api.w.org\/{rel}","templated":true}]}}