{"id":1421,"date":"2019-07-07T12:36:18","date_gmt":"2019-07-07T17:36:18","guid":{"rendered":"https:\/\/www.agroserag.com\/site\/?post_type=product&#038;p=1421"},"modified":"2023-03-28T10:25:26","modified_gmt":"2023-03-28T15:25:26","slug":"limpiamaiz-500-sc","status":"publish","type":"product","link":"https:\/\/www.agroserag.com\/site\/shop\/proteccion\/herbicidas\/limpiamaiz-500-sc\/","title":{"rendered":"LIMPIAMAIZ 500 SC"},"content":{"rendered":"<p><strong>LIMPIAMAIZ<sup>\u00ae<\/sup> 500 SC<\/strong>, es un herbicida de acci\u00f3n graminicida de uso pre y post-emergente en el cultivo del ma\u00edz. Combate una amplia gama de malezas, tanto de hojas anchas como gram\u00edneas, manteniendo los cultivos limpios durante varios meses.<\/p>\n<p><strong>LIMPIAMAIZ<\/strong><strong><sup>\u00d2<\/sup><\/strong><strong> 500 SC<\/strong>, debe ser aplicado con suficiente humedad en el suelo y su uso puede ser igualmente pre o post-emergente, seg\u00fan la necesidad.<\/p>\n","protected":false},"excerpt":{"rendered":"<p><img loading=\"lazy\" decoding=\"async\" class=\"alignnone size-full wp-image-15793\" src=\"https:\/\/www.agroserag.com\/site\/wp-content\/uploads\/2021\/08\/Limpiama\u00edz_500SC.jpg\" alt=\"\" width=\"190\" height=\"60\" \/><br \/>\nI.A: -Atrazina<br \/>\nREGISTRO ICA: 2842<br \/>\nCATEGOR\u00cdA TOXICOL\u00d3GICA: III MEDIANAMENTE TOXICO<\/p>\n","protected":false},"featured_media":15608,"template":"","meta":{"om_disable_all_campaigns":false,"_uag_custom_page_level_css":"","_monsterinsights_skip_tracking":false,"_monsterinsights_sitenote_active":false,"_monsterinsights_sitenote_note":"","_monsterinsights_sitenote_category":0},"product_brand":[],"product_cat":[19,18],"product_tag":[],"class_list":{"0":"post-1421","1":"product","2":"type-product","3":"status-publish","4":"has-post-thumbnail","6":"product_cat-herbicidas","7":"product_cat-proteccion","9":"first","10":"instock","11":"taxable","12":"shipping-taxable","13":"product-type-simple"},"aioseo_notices":[],"uagb_featured_image_src":{"full":["https:\/\/www.agroserag.com\/site\/wp-content\/uploads\/2021\/08\/Limpiamaiz_500SC.jpg",500,500,false],"thumbnail":["https:\/\/www.agroserag.com\/site\/wp-content\/uploads\/2021\/08\/Limpiamaiz_500SC.jpg",150,150,false],"medium":["https:\/\/www.agroserag.com\/site\/wp-content\/uploads\/2021\/08\/Limpiamaiz_500SC.jpg",300,300,false],"medium_large":["https:\/\/www.agroserag.com\/site\/wp-content\/uploads\/2021\/08\/Limpiamaiz_500SC.jpg",500,500,false],"large":["https:\/\/www.agroserag.com\/site\/wp-content\/uploads\/2021\/08\/Limpiamaiz_500SC.jpg",500,500,false],"1536x1536":["https:\/\/www.agroserag.com\/site\/wp-content\/uploads\/2021\/08\/Limpiamaiz_500SC.jpg",500,500,false],"2048x2048":["https:\/\/www.agroserag.com\/site\/wp-content\/uploads\/2021\/08\/Limpiamaiz_500SC.jpg",500,500,false],"woocommerce_thumbnail":["https:\/\/www.agroserag.com\/site\/wp-content\/uploads\/2021\/08\/Limpiamaiz_500SC.jpg",265,265,false],"woocommerce_single":["https:\/\/www.agroserag.com\/site\/wp-content\/uploads\/2021\/08\/Limpiamaiz_500SC.jpg",450,450,false],"woocommerce_gallery_thumbnail":["https:\/\/www.agroserag.com\/site\/wp-content\/uploads\/2021\/08\/Limpiamaiz_500SC.jpg",100,100,false],"sow-carousel-default":["https:\/\/www.agroserag.com\/site\/wp-content\/uploads\/2021\/08\/Limpiamaiz_500SC.jpg",182,182,false]},"uagb_author_info":{"display_name":"Mar\u00eda Fernanda Figueroa","author_link":false},"uagb_comment_info":0,"uagb_excerpt":"I.A: -Atrazina REGISTRO ICA: 2842 CATEGOR\u00cdA TOXICOL\u00d3GICA: III MEDIANAMENTE TOXICO","_links":{"self":[{"href":"https:\/\/www.agroserag.com\/site\/wp-json\/wp\/v2\/product\/1421","targetHints":{"allow":["GET"]}}],"collection":[{"href":"https:\/\/www.agroserag.com\/site\/wp-json\/wp\/v2\/product"}],"about":[{"href":"https:\/\/www.agroserag.com\/site\/wp-json\/wp\/v2\/types\/product"}],"wp:featuredmedia":[{"embeddable":true,"href":"https:\/\/www.agroserag.com\/site\/wp-json\/wp\/v2\/media\/15608"}],"wp:attachment":[{"href":"https:\/\/www.agroserag.com\/site\/wp-json\/wp\/v2\/media?parent=1421"}],"wp:term":[{"taxonomy":"product_brand","embeddable":true,"href":"https:\/\/www.agroserag.com\/site\/wp-json\/wp\/v2\/product_brand?post=1421"},{"taxonomy":"product_cat","embeddable":true,"href":"https:\/\/www.agroserag.com\/site\/wp-json\/wp\/v2\/product_cat?post=1421"},{"taxonomy":"product_tag","embeddable":true,"href":"https:\/\/www.agroserag.com\/site\/wp-json\/wp\/v2\/product_tag?post=1421"}],"curies":[{"name":"wp","href":"https:\/\/api.w.org\/{rel}","templated":true}]}}