{"id":14982,"date":"2020-11-05T08:37:01","date_gmt":"2020-11-05T13:37:01","guid":{"rendered":"https:\/\/www.agroserag.com\/site\/?post_type=product&#038;p=14982"},"modified":"2023-06-05T13:57:57","modified_gmt":"2023-06-05T18:57:57","slug":"linurex-50-sc","status":"publish","type":"product","link":"https:\/\/www.agroserag.com\/site\/shop\/proteccion\/herbicidas\/linurex-50-sc\/","title":{"rendered":"LINUREX 50 SC"},"content":{"rendered":"<p><strong>LINUREX 50 SC<\/strong>, es un herbicida que proporciona un espectro selectivo de control de malezas. Es absorbido por las malezas a trav\u00e9s de las ra\u00edces y las hojas y se transloca en el xilema principalmente acropetalo. Inhibe el fotosistema II mediante el bloqueo del transporte de electrones. Esto conduce a la producci\u00f3n de oxidantes que causan la r\u00e1pida destrucci\u00f3n de la c\u00e9lula. Como consecuencia, el crecimiento de la maleza se detiene y muere. Aplicado en pre emergencia es tomado por la rad\u00edcula de las malezas y translocado por el xilema dentro de la planta; afecta la fotos\u00edntesis, inhibiendo el paso de electrones a nivel del fotosistema II.<\/p>\n","protected":false},"excerpt":{"rendered":"<p><img loading=\"lazy\" decoding=\"async\" class=\"alignnone wp-image-16580 size-full\" src=\"https:\/\/www.agroserag.com\/site\/wp-content\/uploads\/2020\/11\/Logo-Linurex_miniatura.png\" alt=\"\" width=\"190\" height=\"60\" \/><br \/>\nI.A: Linuron<br \/>\nREGISTRO ICA: 2696<br \/>\nCATEGOR\u00cdA TOXICOL\u00d3GICA: III LIGERAMENTE PELIGROSO<\/p>\n","protected":false},"featured_media":16581,"template":"","meta":{"om_disable_all_campaigns":false,"_uag_custom_page_level_css":"","_monsterinsights_skip_tracking":false,"_monsterinsights_sitenote_active":false,"_monsterinsights_sitenote_note":"","_monsterinsights_sitenote_category":0},"product_brand":[],"product_cat":[19,18],"product_tag":[],"class_list":{"0":"post-14982","1":"product","2":"type-product","3":"status-publish","4":"has-post-thumbnail","6":"product_cat-herbicidas","7":"product_cat-proteccion","9":"first","10":"instock","11":"taxable","12":"shipping-taxable","13":"product-type-simple"},"aioseo_notices":[],"uagb_featured_image_src":{"full":["https:\/\/www.agroserag.com\/site\/wp-content\/uploads\/2020\/11\/Logo-Linurex-2023.png",500,500,false],"thumbnail":["https:\/\/www.agroserag.com\/site\/wp-content\/uploads\/2020\/11\/Logo-Linurex-2023.png",150,150,false],"medium":["https:\/\/www.agroserag.com\/site\/wp-content\/uploads\/2020\/11\/Logo-Linurex-2023.png",300,300,false],"medium_large":["https:\/\/www.agroserag.com\/site\/wp-content\/uploads\/2020\/11\/Logo-Linurex-2023.png",500,500,false],"large":["https:\/\/www.agroserag.com\/site\/wp-content\/uploads\/2020\/11\/Logo-Linurex-2023.png",500,500,false],"1536x1536":["https:\/\/www.agroserag.com\/site\/wp-content\/uploads\/2020\/11\/Logo-Linurex-2023.png",500,500,false],"2048x2048":["https:\/\/www.agroserag.com\/site\/wp-content\/uploads\/2020\/11\/Logo-Linurex-2023.png",500,500,false],"woocommerce_thumbnail":["https:\/\/www.agroserag.com\/site\/wp-content\/uploads\/2020\/11\/Logo-Linurex-2023.png",265,265,false],"woocommerce_single":["https:\/\/www.agroserag.com\/site\/wp-content\/uploads\/2020\/11\/Logo-Linurex-2023.png",450,450,false],"woocommerce_gallery_thumbnail":["https:\/\/www.agroserag.com\/site\/wp-content\/uploads\/2020\/11\/Logo-Linurex-2023.png",100,100,false],"sow-carousel-default":["https:\/\/www.agroserag.com\/site\/wp-content\/uploads\/2020\/11\/Logo-Linurex-2023.png",182,182,false]},"uagb_author_info":{"display_name":"Mar\u00eda Fernanda Figueroa","author_link":false},"uagb_comment_info":0,"uagb_excerpt":"I.A: Linuron REGISTRO ICA: 2696 CATEGOR\u00cdA TOXICOL\u00d3GICA: III LIGERAMENTE PELIGROSO","_links":{"self":[{"href":"https:\/\/www.agroserag.com\/site\/wp-json\/wp\/v2\/product\/14982","targetHints":{"allow":["GET"]}}],"collection":[{"href":"https:\/\/www.agroserag.com\/site\/wp-json\/wp\/v2\/product"}],"about":[{"href":"https:\/\/www.agroserag.com\/site\/wp-json\/wp\/v2\/types\/product"}],"wp:featuredmedia":[{"embeddable":true,"href":"https:\/\/www.agroserag.com\/site\/wp-json\/wp\/v2\/media\/16581"}],"wp:attachment":[{"href":"https:\/\/www.agroserag.com\/site\/wp-json\/wp\/v2\/media?parent=14982"}],"wp:term":[{"taxonomy":"product_brand","embeddable":true,"href":"https:\/\/www.agroserag.com\/site\/wp-json\/wp\/v2\/product_brand?post=14982"},{"taxonomy":"product_cat","embeddable":true,"href":"https:\/\/www.agroserag.com\/site\/wp-json\/wp\/v2\/product_cat?post=14982"},{"taxonomy":"product_tag","embeddable":true,"href":"https:\/\/www.agroserag.com\/site\/wp-json\/wp\/v2\/product_tag?post=14982"}],"curies":[{"name":"wp","href":"https:\/\/api.w.org\/{rel}","templated":true}]}}