{"id":16527,"date":"2023-06-02T14:36:24","date_gmt":"2023-06-02T19:36:24","guid":{"rendered":"https:\/\/www.agroserag.com\/site\/?post_type=product&#038;p=16527"},"modified":"2025-03-20T20:12:05","modified_gmt":"2025-03-21T01:12:05","slug":"pulverizador-slm-300","status":"publish","type":"product","link":"https:\/\/www.agroserag.com\/site\/shop\/maquinaria\/kuhn\/pulverizador-slm-300\/","title":{"rendered":"SLM 300"},"content":{"rendered":"<p>El <b>pulverizador SLM<\/b> fue desarrolllado y dise\u00f1ado para el peque\u00f1o productor, que necesita sencillez y practicidad en el d\u00eda a d\u00eda del campo. Es sencillo y robusto, tanto en calibraci\u00f3n\/ajuste como en funcionamiento. La apertura de las barras es completamente manual, as\u00ed como el ajuste de altura e inclinaci\u00f3n. Adem\u00e1s, el pulverizador SLM se puede acoplar a tractores de baja potencia (a partir de 20 CV), reduciendo o eliminando pr\u00e1cticamente la restricci\u00f3n de uso de esta m\u00e1quina en peque\u00f1as propiedades.<\/p>\n","protected":false},"excerpt":{"rendered":"<p>CAPACIDAD DEL TANQUE: 300 L<br \/>\nBOMBA MEMBRANA ANNOVI: 40L\/min<br \/>\nCOMANDO DE PULVERIZACI\u00d3N: Manual<br \/>\nBARRA DE PULVERIZACI\u00d3N: 9 m<br \/>\nPORTABOQUILLAS UNIJET CON ANTIGOTEO: 18<br \/>\nDISTANCIA ENTRE BOQUILLAS: 50 cm<br \/>\nCAPACIDAD REABASTECEDOR: 40 L\/min<br \/>\nAPERTURA DE LOS AGUILONES: Manual<br \/>\nPESO EN VAC\u00cdO: 175 Kl<\/p>\n<p><span style=\"font-size: 13pt;\"><strong>Cont\u00e1ctanos en <i class=\"fa fa-whatsapp fa-2\" aria-hidden=\"true\"><\/i>: +57 314 8137525<\/strong><\/span><\/p>\n","protected":false},"featured_media":16529,"template":"","meta":{"om_disable_all_campaigns":false,"_uag_custom_page_level_css":"","_monsterinsights_skip_tracking":false,"_monsterinsights_sitenote_active":false,"_monsterinsights_sitenote_note":"","_monsterinsights_sitenote_category":0},"product_brand":[],"product_cat":[93,79],"product_tag":[],"class_list":{"0":"post-16527","1":"product","2":"type-product","3":"status-publish","4":"has-post-thumbnail","6":"product_cat-kuhn","7":"product_cat-maquinaria","9":"first","10":"instock","11":"taxable","12":"shipping-taxable","13":"product-type-simple"},"aioseo_notices":[],"uagb_featured_image_src":{"full":["https:\/\/www.agroserag.com\/site\/wp-content\/uploads\/2023\/06\/slm.jpg",500,500,false],"thumbnail":["https:\/\/www.agroserag.com\/site\/wp-content\/uploads\/2023\/06\/slm.jpg",150,150,false],"medium":["https:\/\/www.agroserag.com\/site\/wp-content\/uploads\/2023\/06\/slm.jpg",300,300,false],"medium_large":["https:\/\/www.agroserag.com\/site\/wp-content\/uploads\/2023\/06\/slm.jpg",500,500,false],"large":["https:\/\/www.agroserag.com\/site\/wp-content\/uploads\/2023\/06\/slm.jpg",500,500,false],"1536x1536":["https:\/\/www.agroserag.com\/site\/wp-content\/uploads\/2023\/06\/slm.jpg",500,500,false],"2048x2048":["https:\/\/www.agroserag.com\/site\/wp-content\/uploads\/2023\/06\/slm.jpg",500,500,false],"woocommerce_thumbnail":["https:\/\/www.agroserag.com\/site\/wp-content\/uploads\/2023\/06\/slm.jpg",265,265,false],"woocommerce_single":["https:\/\/www.agroserag.com\/site\/wp-content\/uploads\/2023\/06\/slm.jpg",450,450,false],"woocommerce_gallery_thumbnail":["https:\/\/www.agroserag.com\/site\/wp-content\/uploads\/2023\/06\/slm.jpg",100,100,false],"sow-carousel-default":["https:\/\/www.agroserag.com\/site\/wp-content\/uploads\/2023\/06\/slm.jpg",182,182,false]},"uagb_author_info":{"display_name":"Agroser","author_link":false},"uagb_comment_info":0,"uagb_excerpt":"CAPACIDAD DEL TANQUE: 300 L BOMBA MEMBRANA ANNOVI: 40L\/min COMANDO DE PULVERIZACI\u00d3N: Manual BARRA DE PULVERIZACI\u00d3N: 9 m PORTABOQUILLAS UNIJET CON ANTIGOTEO: 18 DISTANCIA ENTRE BOQUILLAS: 50 cm CAPACIDAD REABASTECEDOR: 40 L\/min APERTURA DE LOS AGUILONES: Manual PESO EN VAC\u00cdO: 175 Kl Cont\u00e1ctanos en : +57 314 8137525","_links":{"self":[{"href":"https:\/\/www.agroserag.com\/site\/wp-json\/wp\/v2\/product\/16527","targetHints":{"allow":["GET"]}}],"collection":[{"href":"https:\/\/www.agroserag.com\/site\/wp-json\/wp\/v2\/product"}],"about":[{"href":"https:\/\/www.agroserag.com\/site\/wp-json\/wp\/v2\/types\/product"}],"wp:featuredmedia":[{"embeddable":true,"href":"https:\/\/www.agroserag.com\/site\/wp-json\/wp\/v2\/media\/16529"}],"wp:attachment":[{"href":"https:\/\/www.agroserag.com\/site\/wp-json\/wp\/v2\/media?parent=16527"}],"wp:term":[{"taxonomy":"product_brand","embeddable":true,"href":"https:\/\/www.agroserag.com\/site\/wp-json\/wp\/v2\/product_brand?post=16527"},{"taxonomy":"product_cat","embeddable":true,"href":"https:\/\/www.agroserag.com\/site\/wp-json\/wp\/v2\/product_cat?post=16527"},{"taxonomy":"product_tag","embeddable":true,"href":"https:\/\/www.agroserag.com\/site\/wp-json\/wp\/v2\/product_tag?post=16527"}],"curies":[{"name":"wp","href":"https:\/\/api.w.org\/{rel}","templated":true}]}}