{"id":16808,"date":"2023-10-18T13:00:03","date_gmt":"2023-10-18T18:00:03","guid":{"rendered":"https:\/\/www.agroserag.com\/site\/?post_type=product&#038;p=16808"},"modified":"2025-04-09T11:12:00","modified_gmt":"2025-04-09T16:12:00","slug":"cybel-280-sc","status":"publish","type":"product","link":"https:\/\/www.agroserag.com\/site\/shop\/proteccion\/fungicidas\/cybel-280-sc\/","title":{"rendered":"CYBEL 280 SC"},"content":{"rendered":"<p><strong>CYBEL 280 SC <\/strong>es un fungicida protectante, curativo, erradicante y antiesporulante. Tiene propiedades sist\u00e9micas y de contacto. Azoxystrobin perteneciente al grupo qu\u00edmico de las Estrobilurinas, inhibe la producci\u00f3n y germinaci\u00f3n de las esporas y el crecimiento del micelio del hongo, esto lo logra a trav\u00e9s de la inhibici\u00f3n de la respiraci\u00f3n mitocondrial de los hongos a trav\u00e9s del bloqueo de la transferencia de electrones entre el mitocondria b y el citocromo C. Cyproconazole es un fungicida sist\u00e9mico perteneciente al grupo qu\u00edmico de los triazoles, los cuales ejercen su acci\u00f3n de control mediante la interferencia en la s\u00edntesis de esteroles, los cuales son componentes esenciales de las membranas celulares.<\/p>\n","protected":false},"excerpt":{"rendered":"<p><img loading=\"lazy\" decoding=\"async\" class=\"alignnone size-full wp-image-16979\" src=\"https:\/\/www.agroserag.com\/site\/wp-content\/uploads\/2023\/10\/Cybel_280SC_miniatura.jpg\" alt=\"\" width=\"286\" height=\"90\" \/><\/p>\n<p>I.A: <strong>Azoxystrobin+ Cyproconazole<\/strong><br \/>\nREGISTRO ICA: 3179<br \/>\nCATEGOR\u00cdA TOXICOL\u00d3GICA: III LIGERAMENTE PELIGROSO<\/p>\n","protected":false},"featured_media":16978,"template":"","meta":{"om_disable_all_campaigns":false,"_uag_custom_page_level_css":"","_monsterinsights_skip_tracking":false,"_monsterinsights_sitenote_active":false,"_monsterinsights_sitenote_note":"","_monsterinsights_sitenote_category":0},"product_brand":[],"product_cat":[27,18],"product_tag":[],"class_list":{"0":"post-16808","1":"product","2":"type-product","3":"status-publish","4":"has-post-thumbnail","6":"product_cat-fungicidas","7":"product_cat-proteccion","9":"first","10":"instock","11":"taxable","12":"shipping-taxable","13":"product-type-simple"},"aioseo_notices":[],"uagb_featured_image_src":{"full":["https:\/\/www.agroserag.com\/site\/wp-content\/uploads\/2023\/10\/Cybel_280SC-1.jpg",750,750,false],"thumbnail":["https:\/\/www.agroserag.com\/site\/wp-content\/uploads\/2023\/10\/Cybel_280SC-1.jpg",150,150,false],"medium":["https:\/\/www.agroserag.com\/site\/wp-content\/uploads\/2023\/10\/Cybel_280SC-1.jpg",300,300,false],"medium_large":["https:\/\/www.agroserag.com\/site\/wp-content\/uploads\/2023\/10\/Cybel_280SC-1.jpg",750,750,false],"large":["https:\/\/www.agroserag.com\/site\/wp-content\/uploads\/2023\/10\/Cybel_280SC-1.jpg",750,750,false],"1536x1536":["https:\/\/www.agroserag.com\/site\/wp-content\/uploads\/2023\/10\/Cybel_280SC-1.jpg",750,750,false],"2048x2048":["https:\/\/www.agroserag.com\/site\/wp-content\/uploads\/2023\/10\/Cybel_280SC-1.jpg",750,750,false],"woocommerce_thumbnail":["https:\/\/www.agroserag.com\/site\/wp-content\/uploads\/2023\/10\/Cybel_280SC-1.jpg",265,265,false],"woocommerce_single":["https:\/\/www.agroserag.com\/site\/wp-content\/uploads\/2023\/10\/Cybel_280SC-1.jpg",450,450,false],"woocommerce_gallery_thumbnail":["https:\/\/www.agroserag.com\/site\/wp-content\/uploads\/2023\/10\/Cybel_280SC-1.jpg",100,100,false],"sow-carousel-default":["https:\/\/www.agroserag.com\/site\/wp-content\/uploads\/2023\/10\/Cybel_280SC-1.jpg",182,182,false]},"uagb_author_info":{"display_name":"Mar\u00eda Fernanda Figueroa","author_link":false},"uagb_comment_info":0,"uagb_excerpt":"I.A: Azoxystrobin+ Cyproconazole REGISTRO ICA: 3179 CATEGOR\u00cdA TOXICOL\u00d3GICA: III LIGERAMENTE PELIGROSO","_links":{"self":[{"href":"https:\/\/www.agroserag.com\/site\/wp-json\/wp\/v2\/product\/16808","targetHints":{"allow":["GET"]}}],"collection":[{"href":"https:\/\/www.agroserag.com\/site\/wp-json\/wp\/v2\/product"}],"about":[{"href":"https:\/\/www.agroserag.com\/site\/wp-json\/wp\/v2\/types\/product"}],"wp:featuredmedia":[{"embeddable":true,"href":"https:\/\/www.agroserag.com\/site\/wp-json\/wp\/v2\/media\/16978"}],"wp:attachment":[{"href":"https:\/\/www.agroserag.com\/site\/wp-json\/wp\/v2\/media?parent=16808"}],"wp:term":[{"taxonomy":"product_brand","embeddable":true,"href":"https:\/\/www.agroserag.com\/site\/wp-json\/wp\/v2\/product_brand?post=16808"},{"taxonomy":"product_cat","embeddable":true,"href":"https:\/\/www.agroserag.com\/site\/wp-json\/wp\/v2\/product_cat?post=16808"},{"taxonomy":"product_tag","embeddable":true,"href":"https:\/\/www.agroserag.com\/site\/wp-json\/wp\/v2\/product_tag?post=16808"}],"curies":[{"name":"wp","href":"https:\/\/api.w.org\/{rel}","templated":true}]}}