{"id":16880,"date":"2024-03-26T12:10:18","date_gmt":"2024-03-26T17:10:18","guid":{"rendered":"https:\/\/www.agroserag.com\/site\/?post_type=product&#038;p=16880"},"modified":"2024-07-23T20:35:26","modified_gmt":"2024-07-24T01:35:26","slug":"kocide-2000-wg","status":"publish","type":"product","link":"https:\/\/www.agroserag.com\/site\/shop\/proteccion\/fungicidas\/kocide-2000-wg\/","title":{"rendered":"KOCIDE\u00ae 2000 WG"},"content":{"rendered":"<p><strong>KOCIDE<sup>\u00ae<\/sup> 2000 WG<\/strong>, es un fungicida y bactericida a base de hidr\u00f3xido de cobre, de amplio espectro de acci\u00f3n con actividad por contacto y efecto protectante.<\/p>\n<p>Presenta una formulaci\u00f3n patentada y diferenciada que incluye dos formas de cobre: Cristales de cobre &#8220;fijo&#8221; para la actividad residual y micropart\u00edculas de cobre Bioactivo\u2122 para utilizaci\u00f3n inmediata (efecto de choque).<\/p>\n","protected":false},"excerpt":{"rendered":"<p><img loading=\"lazy\" decoding=\"async\" class=\"alignnone wp-image-16882 size-full\" src=\"https:\/\/www.agroserag.com\/site\/wp-content\/uploads\/2024\/03\/Logo-Kocide-2024_miniatura.png\" alt=\"\" width=\"190\" height=\"60\" \/><\/p>\n<p>I.A: <strong>Hidr\u00f3xido de cobre<\/strong><br \/>\nREGISTRO ICA:PL0007762023<br \/>\nCATEGOR\u00cdA TOXICOL\u00d3GICA: III LIGERAMENTE PELIGROSO<\/p>\n","protected":false},"featured_media":16881,"template":"","meta":{"om_disable_all_campaigns":false,"_uag_custom_page_level_css":"","_monsterinsights_skip_tracking":false,"_monsterinsights_sitenote_active":false,"_monsterinsights_sitenote_note":"","_monsterinsights_sitenote_category":0},"product_brand":[],"product_cat":[27,18],"product_tag":[],"class_list":{"0":"post-16880","1":"product","2":"type-product","3":"status-publish","4":"has-post-thumbnail","6":"product_cat-fungicidas","7":"product_cat-proteccion","9":"first","10":"instock","11":"taxable","12":"shipping-taxable","13":"product-type-simple"},"aioseo_notices":[],"uagb_featured_image_src":{"full":["https:\/\/www.agroserag.com\/site\/wp-content\/uploads\/2024\/03\/Logo-Kocide-2024.png",500,500,false],"thumbnail":["https:\/\/www.agroserag.com\/site\/wp-content\/uploads\/2024\/03\/Logo-Kocide-2024.png",150,150,false],"medium":["https:\/\/www.agroserag.com\/site\/wp-content\/uploads\/2024\/03\/Logo-Kocide-2024.png",300,300,false],"medium_large":["https:\/\/www.agroserag.com\/site\/wp-content\/uploads\/2024\/03\/Logo-Kocide-2024.png",500,500,false],"large":["https:\/\/www.agroserag.com\/site\/wp-content\/uploads\/2024\/03\/Logo-Kocide-2024.png",500,500,false],"1536x1536":["https:\/\/www.agroserag.com\/site\/wp-content\/uploads\/2024\/03\/Logo-Kocide-2024.png",500,500,false],"2048x2048":["https:\/\/www.agroserag.com\/site\/wp-content\/uploads\/2024\/03\/Logo-Kocide-2024.png",500,500,false],"woocommerce_thumbnail":["https:\/\/www.agroserag.com\/site\/wp-content\/uploads\/2024\/03\/Logo-Kocide-2024.png",265,265,false],"woocommerce_single":["https:\/\/www.agroserag.com\/site\/wp-content\/uploads\/2024\/03\/Logo-Kocide-2024.png",450,450,false],"woocommerce_gallery_thumbnail":["https:\/\/www.agroserag.com\/site\/wp-content\/uploads\/2024\/03\/Logo-Kocide-2024.png",100,100,false],"sow-carousel-default":["https:\/\/www.agroserag.com\/site\/wp-content\/uploads\/2024\/03\/Logo-Kocide-2024.png",182,182,false]},"uagb_author_info":{"display_name":"Agroser","author_link":false},"uagb_comment_info":0,"uagb_excerpt":"I.A: Hidr\u00f3xido de cobre REGISTRO ICA:PL0007762023 CATEGOR\u00cdA TOXICOL\u00d3GICA: III LIGERAMENTE PELIGROSO","_links":{"self":[{"href":"https:\/\/www.agroserag.com\/site\/wp-json\/wp\/v2\/product\/16880","targetHints":{"allow":["GET"]}}],"collection":[{"href":"https:\/\/www.agroserag.com\/site\/wp-json\/wp\/v2\/product"}],"about":[{"href":"https:\/\/www.agroserag.com\/site\/wp-json\/wp\/v2\/types\/product"}],"wp:featuredmedia":[{"embeddable":true,"href":"https:\/\/www.agroserag.com\/site\/wp-json\/wp\/v2\/media\/16881"}],"wp:attachment":[{"href":"https:\/\/www.agroserag.com\/site\/wp-json\/wp\/v2\/media?parent=16880"}],"wp:term":[{"taxonomy":"product_brand","embeddable":true,"href":"https:\/\/www.agroserag.com\/site\/wp-json\/wp\/v2\/product_brand?post=16880"},{"taxonomy":"product_cat","embeddable":true,"href":"https:\/\/www.agroserag.com\/site\/wp-json\/wp\/v2\/product_cat?post=16880"},{"taxonomy":"product_tag","embeddable":true,"href":"https:\/\/www.agroserag.com\/site\/wp-json\/wp\/v2\/product_tag?post=16880"}],"curies":[{"name":"wp","href":"https:\/\/api.w.org\/{rel}","templated":true}]}}