{"id":17068,"date":"2024-12-09T17:17:06","date_gmt":"2024-12-09T22:17:06","guid":{"rendered":"https:\/\/www.agroserag.com\/site\/?post_type=product&#038;p=17068"},"modified":"2024-12-10T12:02:30","modified_gmt":"2024-12-10T17:02:30","slug":"espuela-288-ec","status":"publish","type":"product","link":"https:\/\/www.agroserag.com\/site\/shop\/proteccion\/herbicidas\/espuela-288-ec\/","title":{"rendered":"ESPUELA\u00ae 288 EC"},"content":{"rendered":"<p>ESPUELA\u00ae 288 EC, es un herbicida hormonal, selectivo y sist\u00e9mico que absorbe principalmente por v\u00eda foliar y se transloca a toda la planta, recomendado para el control post-emergente de malezas de hoja ancha en potreros. Contiene Fluroxypyr meptyl, ingrediente activo que afecta la divisi\u00f3n celular y el crecimiento de las malezas ya que altera la fotos\u00edntesis y la respiraci\u00f3n, provocando problemas en la elongaci\u00f3n celular, lo que se evidencia en el enrollamiento de las hojas terminales de las malezas y provoca su muerte.<\/p>\n","protected":false},"excerpt":{"rendered":"<p><img loading=\"lazy\" decoding=\"async\" class=\"alignnone size-full wp-image-17083\" src=\"https:\/\/www.agroserag.com\/site\/wp-content\/uploads\/2024\/12\/Espuela_288EC-1.jpg\" alt=\"\" width=\"190\" height=\"60\" \/><\/p>\n<p>I.A: FLUROXYPYR-MEPTYL<br \/>\nREGISTRO ICA: PL0005172024<br \/>\nCATEGOR\u00cdA TOXICOL\u00d3GICA: 4 Ligeramente Peligroso<\/p>\n","protected":false},"featured_media":17082,"template":"","meta":{"om_disable_all_campaigns":false,"_uag_custom_page_level_css":"","_monsterinsights_skip_tracking":false,"_monsterinsights_sitenote_active":false,"_monsterinsights_sitenote_note":"","_monsterinsights_sitenote_category":0},"product_brand":[],"product_cat":[19,18],"product_tag":[],"class_list":{"0":"post-17068","1":"product","2":"type-product","3":"status-publish","4":"has-post-thumbnail","6":"product_cat-herbicidas","7":"product_cat-proteccion","9":"first","10":"instock","11":"taxable","12":"shipping-taxable","13":"product-type-simple"},"aioseo_notices":[],"uagb_featured_image_src":{"full":["https:\/\/www.agroserag.com\/site\/wp-content\/uploads\/2024\/12\/Espuela_288EC.jpg",500,500,false],"thumbnail":["https:\/\/www.agroserag.com\/site\/wp-content\/uploads\/2024\/12\/Espuela_288EC.jpg",150,150,false],"medium":["https:\/\/www.agroserag.com\/site\/wp-content\/uploads\/2024\/12\/Espuela_288EC.jpg",300,300,false],"medium_large":["https:\/\/www.agroserag.com\/site\/wp-content\/uploads\/2024\/12\/Espuela_288EC.jpg",500,500,false],"large":["https:\/\/www.agroserag.com\/site\/wp-content\/uploads\/2024\/12\/Espuela_288EC.jpg",500,500,false],"1536x1536":["https:\/\/www.agroserag.com\/site\/wp-content\/uploads\/2024\/12\/Espuela_288EC.jpg",500,500,false],"2048x2048":["https:\/\/www.agroserag.com\/site\/wp-content\/uploads\/2024\/12\/Espuela_288EC.jpg",500,500,false],"woocommerce_thumbnail":["https:\/\/www.agroserag.com\/site\/wp-content\/uploads\/2024\/12\/Espuela_288EC.jpg",265,265,false],"woocommerce_single":["https:\/\/www.agroserag.com\/site\/wp-content\/uploads\/2024\/12\/Espuela_288EC.jpg",450,450,false],"woocommerce_gallery_thumbnail":["https:\/\/www.agroserag.com\/site\/wp-content\/uploads\/2024\/12\/Espuela_288EC.jpg",100,100,false],"sow-carousel-default":["https:\/\/www.agroserag.com\/site\/wp-content\/uploads\/2024\/12\/Espuela_288EC.jpg",182,182,false]},"uagb_author_info":{"display_name":"Mar\u00eda Fernanda Figueroa","author_link":false},"uagb_comment_info":0,"uagb_excerpt":"I.A: FLUROXYPYR-MEPTYL REGISTRO ICA: PL0005172024 CATEGOR\u00cdA TOXICOL\u00d3GICA: 4 Ligeramente Peligroso","_links":{"self":[{"href":"https:\/\/www.agroserag.com\/site\/wp-json\/wp\/v2\/product\/17068","targetHints":{"allow":["GET"]}}],"collection":[{"href":"https:\/\/www.agroserag.com\/site\/wp-json\/wp\/v2\/product"}],"about":[{"href":"https:\/\/www.agroserag.com\/site\/wp-json\/wp\/v2\/types\/product"}],"wp:featuredmedia":[{"embeddable":true,"href":"https:\/\/www.agroserag.com\/site\/wp-json\/wp\/v2\/media\/17082"}],"wp:attachment":[{"href":"https:\/\/www.agroserag.com\/site\/wp-json\/wp\/v2\/media?parent=17068"}],"wp:term":[{"taxonomy":"product_brand","embeddable":true,"href":"https:\/\/www.agroserag.com\/site\/wp-json\/wp\/v2\/product_brand?post=17068"},{"taxonomy":"product_cat","embeddable":true,"href":"https:\/\/www.agroserag.com\/site\/wp-json\/wp\/v2\/product_cat?post=17068"},{"taxonomy":"product_tag","embeddable":true,"href":"https:\/\/www.agroserag.com\/site\/wp-json\/wp\/v2\/product_tag?post=17068"}],"curies":[{"name":"wp","href":"https:\/\/api.w.org\/{rel}","templated":true}]}}