{"id":17096,"date":"2025-02-24T19:42:01","date_gmt":"2025-02-25T00:42:01","guid":{"rendered":"https:\/\/www.agroserag.com\/site\/?post_type=product&#038;p=17096"},"modified":"2025-04-23T17:08:44","modified_gmt":"2025-04-23T22:08:44","slug":"cosechadora-de-forraje-new-slim","status":"publish","type":"product","link":"https:\/\/www.agroserag.com\/site\/shop\/maquinaria\/nogueira\/cosechadora-de-forraje-new-slim\/","title":{"rendered":"Cosechadora de forraje New Slim"},"content":{"rendered":"<p class=\"p1\"><b>\u00a1Ahorra tiempo, salta a otro <\/b><b>nivel con la New Slim! <\/b>Descubre la revolucionaria <b>cosechadora New Slim de Nogueira<\/b>, la elecci\u00f3n ideal para el ganadero que busca mejorar su nivel de producci\u00f3n con ahorro en mano de obra, mejorar calidad en la alimentaci\u00f3n animal con una menor inversi\u00f3n. Su sistema transmisi\u00f3n de banda requiere baja potencia, simplificando el funcionamiento y mantenimiento. Su caja recolectora est\u00e1 equipada con 4 rodillos alimentadores que trabajan en perfecta sincronizaci\u00f3n, manteniendo la uniformidad del picado para una excelente digestibilidad del animal.<\/p>\n<p class=\"p1\">Es precisa y eficiente, ya que su potente rotor de 10 cuchillas pican y lanzan con precisi\u00f3n varios tipos forrajes como ca\u00f1a de az\u00facar, pasto, sorgo y ma\u00edz.<\/p>\n","protected":false},"excerpt":{"rendered":"<p>RENDIMIENTO: Hasta 26 Ton\/h<br \/>\nTAMA\u00d1OS DE PICADO: 12 (de 2 a 21 mm)<br \/>\nCANTIDAD DE ROTORES: 1<br \/>\nCANTIDAD DE CUCHILLAS EN EL ROTOR: 10<br \/>\nCANTIDAD DE RODILLOS: 4<br \/>\nACCIONAMIENTO: TDF tractor<br \/>\nPOTENCIA RECOMENDADA EN LA TDF: Desde 50 hp<br \/>\nRPM EN LA TDF: 540 RPM<br \/>\nAFILADOR INCORPORADO: S\u00ed<br \/>\nSISTEMA DE TRANSMISI\u00d3N: Por banda<br \/>\nENGANCHE DEL TRACTOR: Cat. II<br \/>\nACCIONAMIENTO CUELLO DE SALIDA: Hidr\u00e1ulico<br \/>\nPESO APROXIMADO: 580 Kl<\/p>\n<p><span style=\"font-size: 13pt;\"><strong>Cont\u00e1ctanos en <i class=\"fa fa-whatsapp fa-2\" aria-hidden=\"true\"><\/i>: +57 314 8137525<\/strong><\/span><\/p>\n","protected":false},"featured_media":17142,"template":"","meta":{"om_disable_all_campaigns":false,"_uag_custom_page_level_css":"","_monsterinsights_skip_tracking":false,"_monsterinsights_sitenote_active":false,"_monsterinsights_sitenote_note":"","_monsterinsights_sitenote_category":0},"product_brand":[],"product_cat":[79,92],"product_tag":[],"class_list":{"0":"post-17096","1":"product","2":"type-product","3":"status-publish","4":"has-post-thumbnail","6":"product_cat-maquinaria","7":"product_cat-nogueira","9":"first","10":"instock","11":"taxable","12":"shipping-taxable","13":"product-type-simple"},"aioseo_notices":[],"uagb_featured_image_src":{"full":["https:\/\/www.agroserag.com\/site\/wp-content\/uploads\/2025\/03\/NOGUEIRA-NEW_SLIM-Maquinaria.jpg",1000,1000,false],"thumbnail":["https:\/\/www.agroserag.com\/site\/wp-content\/uploads\/2025\/03\/NOGUEIRA-NEW_SLIM-Maquinaria-150x150.jpg",150,150,true],"medium":["https:\/\/www.agroserag.com\/site\/wp-content\/uploads\/2025\/03\/NOGUEIRA-NEW_SLIM-Maquinaria-300x300.jpg",300,300,true],"medium_large":["https:\/\/www.agroserag.com\/site\/wp-content\/uploads\/2025\/03\/NOGUEIRA-NEW_SLIM-Maquinaria-768x768.jpg",768,768,true],"large":["https:\/\/www.agroserag.com\/site\/wp-content\/uploads\/2025\/03\/NOGUEIRA-NEW_SLIM-Maquinaria.jpg",960,960,false],"1536x1536":["https:\/\/www.agroserag.com\/site\/wp-content\/uploads\/2025\/03\/NOGUEIRA-NEW_SLIM-Maquinaria.jpg",1000,1000,false],"2048x2048":["https:\/\/www.agroserag.com\/site\/wp-content\/uploads\/2025\/03\/NOGUEIRA-NEW_SLIM-Maquinaria.jpg",1000,1000,false],"woocommerce_thumbnail":["https:\/\/www.agroserag.com\/site\/wp-content\/uploads\/2025\/03\/NOGUEIRA-NEW_SLIM-Maquinaria-265x265.jpg",265,265,true],"woocommerce_single":["https:\/\/www.agroserag.com\/site\/wp-content\/uploads\/2025\/03\/NOGUEIRA-NEW_SLIM-Maquinaria-450x450.jpg",450,450,true],"woocommerce_gallery_thumbnail":["https:\/\/www.agroserag.com\/site\/wp-content\/uploads\/2025\/03\/NOGUEIRA-NEW_SLIM-Maquinaria-100x100.jpg",100,100,true],"sow-carousel-default":["https:\/\/www.agroserag.com\/site\/wp-content\/uploads\/2025\/03\/NOGUEIRA-NEW_SLIM-Maquinaria.jpg",182,182,false]},"uagb_author_info":{"display_name":"Agroser","author_link":false},"uagb_comment_info":0,"uagb_excerpt":"RENDIMIENTO: Hasta 26 Ton\/h TAMA\u00d1OS DE PICADO: 12 (de 2 a 21 mm) CANTIDAD DE ROTORES: 1 CANTIDAD DE CUCHILLAS EN EL ROTOR: 10 CANTIDAD DE RODILLOS: 4 ACCIONAMIENTO: TDF tractor POTENCIA RECOMENDADA EN LA TDF: Desde 50 hp RPM EN LA TDF: 540 RPM AFILADOR INCORPORADO: S\u00ed SISTEMA DE TRANSMISI\u00d3N: Por banda ENGANCHE DEL&hellip;","_links":{"self":[{"href":"https:\/\/www.agroserag.com\/site\/wp-json\/wp\/v2\/product\/17096","targetHints":{"allow":["GET"]}}],"collection":[{"href":"https:\/\/www.agroserag.com\/site\/wp-json\/wp\/v2\/product"}],"about":[{"href":"https:\/\/www.agroserag.com\/site\/wp-json\/wp\/v2\/types\/product"}],"wp:featuredmedia":[{"embeddable":true,"href":"https:\/\/www.agroserag.com\/site\/wp-json\/wp\/v2\/media\/17142"}],"wp:attachment":[{"href":"https:\/\/www.agroserag.com\/site\/wp-json\/wp\/v2\/media?parent=17096"}],"wp:term":[{"taxonomy":"product_brand","embeddable":true,"href":"https:\/\/www.agroserag.com\/site\/wp-json\/wp\/v2\/product_brand?post=17096"},{"taxonomy":"product_cat","embeddable":true,"href":"https:\/\/www.agroserag.com\/site\/wp-json\/wp\/v2\/product_cat?post=17096"},{"taxonomy":"product_tag","embeddable":true,"href":"https:\/\/www.agroserag.com\/site\/wp-json\/wp\/v2\/product_tag?post=17096"}],"curies":[{"name":"wp","href":"https:\/\/api.w.org\/{rel}","templated":true}]}}