{"id":17100,"date":"2025-02-25T12:12:56","date_gmt":"2025-02-25T17:12:56","guid":{"rendered":"https:\/\/www.agroserag.com\/site\/?post_type=product&#038;p=17100"},"modified":"2025-04-23T17:32:42","modified_gmt":"2025-04-23T22:32:42","slug":"ftn-1000-power","status":"publish","type":"product","link":"https:\/\/www.agroserag.com\/site\/shop\/maquinaria\/nogueira\/ftn-1000-power\/","title":{"rendered":"FTN 1000 POWER"},"content":{"rendered":"<p>\u00a1M\u00e1s que esencial, completa! \u00a1La nueva cosechadora <strong>FT 1000 Power<\/strong> fue dise\u00f1ada y fabricada para PRODUCIR M\u00c1S!<\/p>\n<p>Cuenta con la m\u00e1s alta tecnolog\u00eda, que garantiza eficiencia y alto rendimiento con bajo requerimiento de potencia. \u00a1En la cosecha de ma\u00edz \u00f3 sorgo son dos (2) equipos en uno!<\/p>\n<p>La <strong>FTN 1000 Power<\/strong> corta, recoge y pica con precisi\u00f3n dos (2) l\u00edneas de ma\u00edz o sorgo sembrados en espaciamiento entre 45 a 80 cm. Su cabezal de corte en \u00e1rea total cosecha una (1) l\u00ednea de pasto \u00f3 ca\u00f1a de az\u00facar con un corte preciso, garantizando un excelente rebrote. Un dise\u00f1o novedoso trajo mucha evoluci\u00f3n, nuevo sistema de lubricaci\u00f3n de la caja recogedora, m\u00e1s facilidad cambios de pernos fusibles, cabezal de corte m\u00e1s ancho y exclusivo.<\/p>\n","protected":false},"excerpt":{"rendered":"<p>ANCHO DE CORTE \u00c1REA TOTAL: 90 cm<br \/>\nRENDIMIENTO: Hasta 35 Ton\/h<br \/>\nTAMA\u00d1OS DE PICADO: 24 (2 &#8211; 36 mm)<br \/>\nCANTIDAD DE ROTORES: 1<br \/>\nCANTIDAD DE CUCHILLAS EN EL ROTOR: 12<br \/>\nCANTIDAD DE RODILLOS: 4<br \/>\nACCIONAMIENTO: TDF del tractor<br \/>\nPOTENCIA RECOMENDADA EN LA TDF: 65- 95 hp<br \/>\nRPM EN LA TDF: 540 RPM<br \/>\nAFILADOR INCORPORADO: S\u00ed<br \/>\nSISTEMA DE TRANSMISI\u00d3N: Doble cardan<br \/>\nENGANCHE DEL TRACTOR: Doble cardan<br \/>\nSISTEMA QUIEBRA DE GRANOS: S\u00ed<br \/>\nACCIONAMIENTO CUELLO DE SALIDA: Hidr\u00e1ulico<br \/>\nPESO APROXIMADO: 896 Kl<\/p>\n<p><span style=\"font-size: 13pt;\"><strong>Cont\u00e1ctanos en <i class=\"fa fa-whatsapp fa-2\" aria-hidden=\"true\"><\/i>: +57 314 8137525<\/strong><\/span><\/p>\n","protected":false},"featured_media":17141,"template":"","meta":{"om_disable_all_campaigns":false,"_uag_custom_page_level_css":"","_monsterinsights_skip_tracking":false,"_monsterinsights_sitenote_active":false,"_monsterinsights_sitenote_note":"","_monsterinsights_sitenote_category":0},"product_brand":[],"product_cat":[79,92],"product_tag":[],"class_list":{"0":"post-17100","1":"product","2":"type-product","3":"status-publish","4":"has-post-thumbnail","6":"product_cat-maquinaria","7":"product_cat-nogueira","9":"first","10":"instock","11":"taxable","12":"shipping-taxable","13":"product-type-simple"},"aioseo_notices":[],"uagb_featured_image_src":{"full":["https:\/\/www.agroserag.com\/site\/wp-content\/uploads\/2025\/03\/NOGUEIRA-FTN_1000-Maquinaria.jpg",1000,1000,false],"thumbnail":["https:\/\/www.agroserag.com\/site\/wp-content\/uploads\/2025\/03\/NOGUEIRA-FTN_1000-Maquinaria-150x150.jpg",150,150,true],"medium":["https:\/\/www.agroserag.com\/site\/wp-content\/uploads\/2025\/03\/NOGUEIRA-FTN_1000-Maquinaria-300x300.jpg",300,300,true],"medium_large":["https:\/\/www.agroserag.com\/site\/wp-content\/uploads\/2025\/03\/NOGUEIRA-FTN_1000-Maquinaria-768x768.jpg",768,768,true],"large":["https:\/\/www.agroserag.com\/site\/wp-content\/uploads\/2025\/03\/NOGUEIRA-FTN_1000-Maquinaria.jpg",960,960,false],"1536x1536":["https:\/\/www.agroserag.com\/site\/wp-content\/uploads\/2025\/03\/NOGUEIRA-FTN_1000-Maquinaria.jpg",1000,1000,false],"2048x2048":["https:\/\/www.agroserag.com\/site\/wp-content\/uploads\/2025\/03\/NOGUEIRA-FTN_1000-Maquinaria.jpg",1000,1000,false],"woocommerce_thumbnail":["https:\/\/www.agroserag.com\/site\/wp-content\/uploads\/2025\/03\/NOGUEIRA-FTN_1000-Maquinaria-265x265.jpg",265,265,true],"woocommerce_single":["https:\/\/www.agroserag.com\/site\/wp-content\/uploads\/2025\/03\/NOGUEIRA-FTN_1000-Maquinaria-450x450.jpg",450,450,true],"woocommerce_gallery_thumbnail":["https:\/\/www.agroserag.com\/site\/wp-content\/uploads\/2025\/03\/NOGUEIRA-FTN_1000-Maquinaria-100x100.jpg",100,100,true],"sow-carousel-default":["https:\/\/www.agroserag.com\/site\/wp-content\/uploads\/2025\/03\/NOGUEIRA-FTN_1000-Maquinaria.jpg",182,182,false]},"uagb_author_info":{"display_name":"Agroser","author_link":false},"uagb_comment_info":0,"uagb_excerpt":"ANCHO DE CORTE \u00c1REA TOTAL: 90 cm RENDIMIENTO: Hasta 35 Ton\/h TAMA\u00d1OS DE PICADO: 24 (2 - 36 mm) CANTIDAD DE ROTORES: 1 CANTIDAD DE CUCHILLAS EN EL ROTOR: 12 CANTIDAD DE RODILLOS: 4 ACCIONAMIENTO: TDF del tractor POTENCIA RECOMENDADA EN LA TDF: 65- 95 hp RPM EN LA TDF: 540 RPM AFILADOR INCORPORADO: S\u00ed&hellip;","_links":{"self":[{"href":"https:\/\/www.agroserag.com\/site\/wp-json\/wp\/v2\/product\/17100","targetHints":{"allow":["GET"]}}],"collection":[{"href":"https:\/\/www.agroserag.com\/site\/wp-json\/wp\/v2\/product"}],"about":[{"href":"https:\/\/www.agroserag.com\/site\/wp-json\/wp\/v2\/types\/product"}],"wp:featuredmedia":[{"embeddable":true,"href":"https:\/\/www.agroserag.com\/site\/wp-json\/wp\/v2\/media\/17141"}],"wp:attachment":[{"href":"https:\/\/www.agroserag.com\/site\/wp-json\/wp\/v2\/media?parent=17100"}],"wp:term":[{"taxonomy":"product_brand","embeddable":true,"href":"https:\/\/www.agroserag.com\/site\/wp-json\/wp\/v2\/product_brand?post=17100"},{"taxonomy":"product_cat","embeddable":true,"href":"https:\/\/www.agroserag.com\/site\/wp-json\/wp\/v2\/product_cat?post=17100"},{"taxonomy":"product_tag","embeddable":true,"href":"https:\/\/www.agroserag.com\/site\/wp-json\/wp\/v2\/product_tag?post=17100"}],"curies":[{"name":"wp","href":"https:\/\/api.w.org\/{rel}","templated":true}]}}