{"id":17111,"date":"2025-02-27T17:49:42","date_gmt":"2025-02-27T22:49:42","guid":{"rendered":"https:\/\/www.agroserag.com\/site\/?post_type=product&#038;p=17111"},"modified":"2025-03-20T20:05:19","modified_gmt":"2025-03-21T01:05:19","slug":"eco-ranger-2000","status":"publish","type":"product","link":"https:\/\/www.agroserag.com\/site\/shop\/maquinaria\/kuhn\/eco-ranger-2000\/","title":{"rendered":"ECO RANGER 2000"},"content":{"rendered":"<p>El pulverizador <b>Eco Ranger<\/b> est\u00e1 dirigido a productores que buscan un excelente rendimiento operativo y mayor autonom\u00eda, con 18 metros de cobertura y su sistema de apertura totalmente hidr\u00e1ulico, es una m\u00e1quina integral. Adem\u00e1s de estar bien equipado y estructurado, cumple con las normas de seguridad. Su escalera lateral facilita el acceso al dep\u00f3sito en caso de necesidad.<\/p>\n<p>Equipado con tecnolog\u00eda de punta que facilita una aplicaci\u00f3n m\u00e1s precisa.<\/p>\n<p><b><i>\u00a1Robustez y sencillez!<\/i><\/b><\/p>\n","protected":false},"excerpt":{"rendered":"<p>CAPACIDAD DEL DEP\u00d3SITO: 2 000 L<br \/>\nBOMBA DE PIST\u00d3N: 80 L\/min<br \/>\nCOMANDO DE PULVERIZACI\u00d3N: El\u00e9ctrico 4V<br \/>\nBARRA DE PULVERIZACI\u00d3N: 18 m<br \/>\nPORTABOQUILLAS BIJET CON ANTIGOTEO: 36<br \/>\nDISTANCIA ENTRE BOQUILLAS: 50 cm<br \/>\nCAPACIDAD REABASTECEDOR: 150 L\/min<br \/>\nAGITADOR DEL PRODUCTO: Hidr\u00e1ulico<br \/>\nAPERTURA DE LOS AGUILONES: Hidr\u00e1ulico<br \/>\nLAVAR FRASCOS: Incorporador y lava frascos lat<br \/>\nRODADO: Cross 9.5 x 24<br \/>\nTROCHA: 1.50 a 3.80 m<br \/>\nVELOCIDAD DE TRABAJO: M\u00e1ximo 8 Km\/h<br \/>\nPESO AL VAC\u00cdO: 1 650 Kl<\/p>\n<p><span style=\"font-size: 13pt;\"><strong>Cont\u00e1ctanos en <i class=\"fa fa-whatsapp fa-2\" aria-hidden=\"true\"><\/i>: +57 314 8137525<\/strong><\/span><\/p>\n","protected":false},"featured_media":17130,"template":"","meta":{"om_disable_all_campaigns":false,"_uag_custom_page_level_css":"","_monsterinsights_skip_tracking":false,"_monsterinsights_sitenote_active":false,"_monsterinsights_sitenote_note":"","_monsterinsights_sitenote_category":0},"product_brand":[],"product_cat":[93,79],"product_tag":[],"class_list":{"0":"post-17111","1":"product","2":"type-product","3":"status-publish","4":"has-post-thumbnail","6":"product_cat-kuhn","7":"product_cat-maquinaria","9":"first","10":"instock","11":"taxable","12":"shipping-taxable","13":"product-type-simple"},"aioseo_notices":[],"uagb_featured_image_src":{"full":["https:\/\/www.agroserag.com\/site\/wp-content\/uploads\/2025\/03\/Kuhn-Eco_Ranger_2000-Mockup_web.jpg",1000,1000,false],"thumbnail":["https:\/\/www.agroserag.com\/site\/wp-content\/uploads\/2025\/03\/Kuhn-Eco_Ranger_2000-Mockup_web.jpg",150,150,false],"medium":["https:\/\/www.agroserag.com\/site\/wp-content\/uploads\/2025\/03\/Kuhn-Eco_Ranger_2000-Mockup_web.jpg",300,300,false],"medium_large":["https:\/\/www.agroserag.com\/site\/wp-content\/uploads\/2025\/03\/Kuhn-Eco_Ranger_2000-Mockup_web.jpg",768,768,false],"large":["https:\/\/www.agroserag.com\/site\/wp-content\/uploads\/2025\/03\/Kuhn-Eco_Ranger_2000-Mockup_web.jpg",960,960,false],"1536x1536":["https:\/\/www.agroserag.com\/site\/wp-content\/uploads\/2025\/03\/Kuhn-Eco_Ranger_2000-Mockup_web.jpg",1000,1000,false],"2048x2048":["https:\/\/www.agroserag.com\/site\/wp-content\/uploads\/2025\/03\/Kuhn-Eco_Ranger_2000-Mockup_web.jpg",1000,1000,false],"woocommerce_thumbnail":["https:\/\/www.agroserag.com\/site\/wp-content\/uploads\/2025\/03\/Kuhn-Eco_Ranger_2000-Mockup_web.jpg",265,265,false],"woocommerce_single":["https:\/\/www.agroserag.com\/site\/wp-content\/uploads\/2025\/03\/Kuhn-Eco_Ranger_2000-Mockup_web.jpg",450,450,false],"woocommerce_gallery_thumbnail":["https:\/\/www.agroserag.com\/site\/wp-content\/uploads\/2025\/03\/Kuhn-Eco_Ranger_2000-Mockup_web.jpg",100,100,false],"sow-carousel-default":["https:\/\/www.agroserag.com\/site\/wp-content\/uploads\/2025\/03\/Kuhn-Eco_Ranger_2000-Mockup_web.jpg",182,182,false]},"uagb_author_info":{"display_name":"Agroser","author_link":false},"uagb_comment_info":0,"uagb_excerpt":"CAPACIDAD DEL DEP\u00d3SITO: 2 000 L BOMBA DE PIST\u00d3N: 80 L\/min COMANDO DE PULVERIZACI\u00d3N: El\u00e9ctrico 4V BARRA DE PULVERIZACI\u00d3N: 18 m PORTABOQUILLAS BIJET CON ANTIGOTEO: 36 DISTANCIA ENTRE BOQUILLAS: 50 cm CAPACIDAD REABASTECEDOR: 150 L\/min AGITADOR DEL PRODUCTO: Hidr\u00e1ulico APERTURA DE LOS AGUILONES: Hidr\u00e1ulico LAVAR FRASCOS: Incorporador y lava frascos lat RODADO: Cross 9.5 x&hellip;","_links":{"self":[{"href":"https:\/\/www.agroserag.com\/site\/wp-json\/wp\/v2\/product\/17111","targetHints":{"allow":["GET"]}}],"collection":[{"href":"https:\/\/www.agroserag.com\/site\/wp-json\/wp\/v2\/product"}],"about":[{"href":"https:\/\/www.agroserag.com\/site\/wp-json\/wp\/v2\/types\/product"}],"wp:featuredmedia":[{"embeddable":true,"href":"https:\/\/www.agroserag.com\/site\/wp-json\/wp\/v2\/media\/17130"}],"wp:attachment":[{"href":"https:\/\/www.agroserag.com\/site\/wp-json\/wp\/v2\/media?parent=17111"}],"wp:term":[{"taxonomy":"product_brand","embeddable":true,"href":"https:\/\/www.agroserag.com\/site\/wp-json\/wp\/v2\/product_brand?post=17111"},{"taxonomy":"product_cat","embeddable":true,"href":"https:\/\/www.agroserag.com\/site\/wp-json\/wp\/v2\/product_cat?post=17111"},{"taxonomy":"product_tag","embeddable":true,"href":"https:\/\/www.agroserag.com\/site\/wp-json\/wp\/v2\/product_tag?post=17111"}],"curies":[{"name":"wp","href":"https:\/\/api.w.org\/{rel}","templated":true}]}}