{"id":1971,"date":"2019-07-10T17:45:32","date_gmt":"2019-07-10T22:45:32","guid":{"rendered":"https:\/\/www.agroserag.com\/site\/?post_type=product&#038;p=1971"},"modified":"2022-01-19T18:32:48","modified_gmt":"2022-01-19T23:32:48","slug":"propizole-250-ec","status":"publish","type":"product","link":"https:\/\/www.agroserag.com\/site\/shop\/proteccion\/fungicidas\/propizole-250-ec\/","title":{"rendered":"PROPIZOLE 250 EC"},"content":{"rendered":"<p><strong>PROPIZOLE 250 CE, <\/strong>es un fungicida sist\u00e9mico y residual, de amplio espectro, que aplicado al follaje, tiene efecto protectante y curativo, en especial sobre Sigatoka Negra. Es eficaz en el control de Hongos Ascomicetos, Deuteromicetos y Basidiomicetos en arroz.<\/p>\n<p>Es sist\u00e9mico. La sustancia activa es absorbida r\u00e1pidamente y traslocada por v\u00eda ascendente. Puede ser aplicado en agua, emulsiones de aceite y agua o aceite solamente. Es resistente al lavado por las lluvias y puede aplicarse con intervalos de 14 a 22 d\u00edas en Banano. Act\u00faa sobre los hongos dentro de las plantas inhibi\u00e9ndoles la s\u00edntesis y funci\u00f3n de las membranas y paredes celulares. Ello ocurre cuando est\u00e1n formando los haustorios secundarios, deteni\u00e9ndoles el desarrollo e interfiriendo con la s\u00edntesis de los esteroides de las membranas celulares. Por ello, act\u00faa contra razas resistentes a los fungicidas Benzimidazoles, ya que tiene un modo de acci\u00f3n diferente. Los mejores resultados se obtienen cuando se ha iniciado la infecci\u00f3n, pero antes de que aparezcan los s\u00edntomas.<\/p>\n","protected":false},"excerpt":{"rendered":"<p><img loading=\"lazy\" decoding=\"async\" class=\"alignnone size-full wp-image-15762\" src=\"https:\/\/www.agroserag.com\/site\/wp-content\/uploads\/2021\/01\/Propizole-1.jpg\" alt=\"\" width=\"190\" height=\"60\" \/><br \/>\nI.A: Propiconazol<br \/>\nREGISTRO ICA:\u00a0 3060<br \/>\nCATEGOR\u00cdA TOXICOL\u00d3GICA: III LIGERAMENTE PELIGROSO<\/p>\n","protected":false},"featured_media":15551,"template":"","meta":{"om_disable_all_campaigns":false,"_uag_custom_page_level_css":"","_monsterinsights_skip_tracking":false,"_monsterinsights_sitenote_active":false,"_monsterinsights_sitenote_note":"","_monsterinsights_sitenote_category":0},"product_brand":[],"product_cat":[27,18],"product_tag":[],"class_list":{"0":"post-1971","1":"product","2":"type-product","3":"status-publish","4":"has-post-thumbnail","6":"product_cat-fungicidas","7":"product_cat-proteccion","9":"first","10":"instock","11":"taxable","12":"shipping-taxable","13":"product-type-simple"},"aioseo_notices":[],"uagb_featured_image_src":{"full":["https:\/\/www.agroserag.com\/site\/wp-content\/uploads\/2021\/01\/Propizole.jpg",500,500,false],"thumbnail":["https:\/\/www.agroserag.com\/site\/wp-content\/uploads\/2021\/01\/Propizole.jpg",150,150,false],"medium":["https:\/\/www.agroserag.com\/site\/wp-content\/uploads\/2021\/01\/Propizole.jpg",300,300,false],"medium_large":["https:\/\/www.agroserag.com\/site\/wp-content\/uploads\/2021\/01\/Propizole.jpg",500,500,false],"large":["https:\/\/www.agroserag.com\/site\/wp-content\/uploads\/2021\/01\/Propizole.jpg",500,500,false],"1536x1536":["https:\/\/www.agroserag.com\/site\/wp-content\/uploads\/2021\/01\/Propizole.jpg",500,500,false],"2048x2048":["https:\/\/www.agroserag.com\/site\/wp-content\/uploads\/2021\/01\/Propizole.jpg",500,500,false],"woocommerce_thumbnail":["https:\/\/www.agroserag.com\/site\/wp-content\/uploads\/2021\/01\/Propizole-265x265.jpg",265,265,true],"woocommerce_single":["https:\/\/www.agroserag.com\/site\/wp-content\/uploads\/2021\/01\/Propizole-450x450.jpg",450,450,true],"woocommerce_gallery_thumbnail":["https:\/\/www.agroserag.com\/site\/wp-content\/uploads\/2021\/01\/Propizole-100x100.jpg",100,100,true],"sow-carousel-default":["https:\/\/www.agroserag.com\/site\/wp-content\/uploads\/2021\/01\/Propizole.jpg",182,182,false]},"uagb_author_info":{"display_name":"Mar\u00eda Fernanda Figueroa","author_link":false},"uagb_comment_info":0,"uagb_excerpt":"I.A: Propiconazol REGISTRO ICA:\u00a0 3060 CATEGOR\u00cdA TOXICOL\u00d3GICA: III LIGERAMENTE PELIGROSO","_links":{"self":[{"href":"https:\/\/www.agroserag.com\/site\/wp-json\/wp\/v2\/product\/1971","targetHints":{"allow":["GET"]}}],"collection":[{"href":"https:\/\/www.agroserag.com\/site\/wp-json\/wp\/v2\/product"}],"about":[{"href":"https:\/\/www.agroserag.com\/site\/wp-json\/wp\/v2\/types\/product"}],"wp:featuredmedia":[{"embeddable":true,"href":"https:\/\/www.agroserag.com\/site\/wp-json\/wp\/v2\/media\/15551"}],"wp:attachment":[{"href":"https:\/\/www.agroserag.com\/site\/wp-json\/wp\/v2\/media?parent=1971"}],"wp:term":[{"taxonomy":"product_brand","embeddable":true,"href":"https:\/\/www.agroserag.com\/site\/wp-json\/wp\/v2\/product_brand?post=1971"},{"taxonomy":"product_cat","embeddable":true,"href":"https:\/\/www.agroserag.com\/site\/wp-json\/wp\/v2\/product_cat?post=1971"},{"taxonomy":"product_tag","embeddable":true,"href":"https:\/\/www.agroserag.com\/site\/wp-json\/wp\/v2\/product_tag?post=1971"}],"curies":[{"name":"wp","href":"https:\/\/api.w.org\/{rel}","templated":true}]}}