{"id":2223,"date":"2019-07-11T08:42:46","date_gmt":"2019-07-11T13:42:46","guid":{"rendered":"https:\/\/www.agroserag.com\/site\/?post_type=product&#038;p=2223"},"modified":"2023-03-07T12:11:05","modified_gmt":"2023-03-07T17:11:05","slug":"futur-350-sc","status":"publish","type":"product","link":"https:\/\/www.agroserag.com\/site\/shop\/proteccion\/insecticidas\/futur-350-sc\/","title":{"rendered":"FUTUR 350 SC"},"content":{"rendered":"<p><strong>FUTUR<sup>\u00ae<\/sup> 350 SC<\/strong> por su ingrediente activo THIODICARB controla todos los estados de Lepid\u00f3pteros y Cole\u00f3pteros mayores y algunos Hem\u00edpteros y D\u00edpteros que son plagas del algod\u00f3n y la papa.<\/p>\n<p>Este insecticida por pertenecer a la segunda generaci\u00f3n de insecticidas carbamatos, desempe\u00f1a un papel importante como un producto alterno piretroides sint\u00e9ticos y fosforados, ante un eventual problema de resistencia en los cultivos de sorgo, papa y algod\u00f3n.<\/p>\n<p><strong>FUTUR<sup>\u00ae<\/sup> 350 SC<\/strong> es selectivo en su actividad, y su acci\u00f3n sobre insectos ben\u00e9ficos es m\u00ednima incluyendo abejas par\u00e1sitos y predadores a las dosis pr\u00e1cticas de uso.<\/p>\n","protected":false},"excerpt":{"rendered":"<p><img loading=\"lazy\" decoding=\"async\" class=\"alignnone size-full wp-image-15816\" src=\"https:\/\/www.agroserag.com\/site\/wp-content\/uploads\/2021\/03\/Futur_350SC-1.jpg\" alt=\"\" width=\"190\" height=\"60\" \/><br \/>\nI.A: Thiodicarb<br \/>\nREGISTRO ICA:\u00a0 1134<br \/>\nCATEGOR\u00cdA TOXICOL\u00d3GICA: II MODERADAMENTE PELIGROSO<\/p>\n","protected":false},"featured_media":15654,"template":"","meta":{"om_disable_all_campaigns":false,"_uag_custom_page_level_css":"","_monsterinsights_skip_tracking":false,"_monsterinsights_sitenote_active":false,"_monsterinsights_sitenote_note":"","_monsterinsights_sitenote_category":0},"product_brand":[],"product_cat":[25,18],"product_tag":[],"class_list":{"0":"post-2223","1":"product","2":"type-product","3":"status-publish","4":"has-post-thumbnail","6":"product_cat-insecticidas","7":"product_cat-proteccion","9":"first","10":"instock","11":"taxable","12":"shipping-taxable","13":"product-type-simple"},"aioseo_notices":[],"uagb_featured_image_src":{"full":["https:\/\/www.agroserag.com\/site\/wp-content\/uploads\/2021\/03\/Futur_350SC.jpg",500,500,false],"thumbnail":["https:\/\/www.agroserag.com\/site\/wp-content\/uploads\/2021\/03\/Futur_350SC.jpg",150,150,false],"medium":["https:\/\/www.agroserag.com\/site\/wp-content\/uploads\/2021\/03\/Futur_350SC.jpg",300,300,false],"medium_large":["https:\/\/www.agroserag.com\/site\/wp-content\/uploads\/2021\/03\/Futur_350SC.jpg",500,500,false],"large":["https:\/\/www.agroserag.com\/site\/wp-content\/uploads\/2021\/03\/Futur_350SC.jpg",500,500,false],"1536x1536":["https:\/\/www.agroserag.com\/site\/wp-content\/uploads\/2021\/03\/Futur_350SC.jpg",500,500,false],"2048x2048":["https:\/\/www.agroserag.com\/site\/wp-content\/uploads\/2021\/03\/Futur_350SC.jpg",500,500,false],"woocommerce_thumbnail":["https:\/\/www.agroserag.com\/site\/wp-content\/uploads\/2021\/03\/Futur_350SC.jpg",265,265,false],"woocommerce_single":["https:\/\/www.agroserag.com\/site\/wp-content\/uploads\/2021\/03\/Futur_350SC.jpg",450,450,false],"woocommerce_gallery_thumbnail":["https:\/\/www.agroserag.com\/site\/wp-content\/uploads\/2021\/03\/Futur_350SC.jpg",100,100,false],"sow-carousel-default":["https:\/\/www.agroserag.com\/site\/wp-content\/uploads\/2021\/03\/Futur_350SC.jpg",182,182,false]},"uagb_author_info":{"display_name":"Mar\u00eda Fernanda Figueroa","author_link":false},"uagb_comment_info":0,"uagb_excerpt":"I.A: Thiodicarb REGISTRO ICA:\u00a0 1134 CATEGOR\u00cdA TOXICOL\u00d3GICA: II MODERADAMENTE PELIGROSO","_links":{"self":[{"href":"https:\/\/www.agroserag.com\/site\/wp-json\/wp\/v2\/product\/2223","targetHints":{"allow":["GET"]}}],"collection":[{"href":"https:\/\/www.agroserag.com\/site\/wp-json\/wp\/v2\/product"}],"about":[{"href":"https:\/\/www.agroserag.com\/site\/wp-json\/wp\/v2\/types\/product"}],"wp:featuredmedia":[{"embeddable":true,"href":"https:\/\/www.agroserag.com\/site\/wp-json\/wp\/v2\/media\/15654"}],"wp:attachment":[{"href":"https:\/\/www.agroserag.com\/site\/wp-json\/wp\/v2\/media?parent=2223"}],"wp:term":[{"taxonomy":"product_brand","embeddable":true,"href":"https:\/\/www.agroserag.com\/site\/wp-json\/wp\/v2\/product_brand?post=2223"},{"taxonomy":"product_cat","embeddable":true,"href":"https:\/\/www.agroserag.com\/site\/wp-json\/wp\/v2\/product_cat?post=2223"},{"taxonomy":"product_tag","embeddable":true,"href":"https:\/\/www.agroserag.com\/site\/wp-json\/wp\/v2\/product_tag?post=2223"}],"curies":[{"name":"wp","href":"https:\/\/api.w.org\/{rel}","templated":true}]}}