{"id":7504,"date":"2019-10-28T15:54:53","date_gmt":"2019-10-28T20:54:53","guid":{"rendered":"https:\/\/www.agroserag.com\/site\/?post_type=product&#038;p=7504"},"modified":"2024-12-02T15:00:07","modified_gmt":"2024-12-02T20:00:07","slug":"celtic-250-sc","status":"publish","type":"product","link":"https:\/\/www.agroserag.com\/site\/shop\/proteccion\/herbicidas\/celtic-250-sc\/","title":{"rendered":"CELTIC 250 SC"},"content":{"rendered":"<p><strong>CELTIC 250 SC <\/strong>es un herbicida con base en el ingrediente activo Quinclorac que pertenece al grupo qu\u00edmico del \u00e1cido quinolinecarbox\u00edlico, este es absorbido a trav\u00e9s de las hojas y ra\u00edces. Act\u00faa como el \u00e1cido indolac\u00e9tico e inhibe la s\u00edntesis de celulosa evitando la formaci\u00f3n de la pared celular.\u00a0 Interfiere en la s\u00edntesis de \u00e1cidos nucleicos, controlando la s\u00edntesis proteica en diferentes etapas, afectando la regulaci\u00f3n de ADN durante la formaci\u00f3n de ARN. En general, se pierde el control del crecimiento por atrofia o malformaci\u00f3n de los haces vasculares. Se caracterizan por tener una mayor fitotoxicidad hacia las dicotiled\u00f3neas y ciper\u00e1ceas que hacia las gram\u00edneas; act\u00faan como reguladores del crecimiento; el transporte ocurre v\u00eda simplasto con los asimilados de la fuente de producci\u00f3n a los \u00f3rganos en consumo o almacenamiento.<\/p>\n","protected":false},"excerpt":{"rendered":"<p><img loading=\"lazy\" decoding=\"async\" class=\"alignnone size-full wp-image-15776\" src=\"https:\/\/www.agroserag.com\/site\/wp-content\/uploads\/2021\/08\/Celtic_250SC-1.jpg\" alt=\"\" width=\"190\" height=\"60\" \/><br \/>\nI.A: QUINCLORAC<br \/>\nREGISTRO ICA: PL0001212023<br \/>\nCATEGOR\u00cdA TOXICOL\u00d3GICA: 4 LIGERAMENTE PELIGROSO<\/p>\n","protected":false},"featured_media":15576,"template":"","meta":{"om_disable_all_campaigns":false,"_uag_custom_page_level_css":"","_monsterinsights_skip_tracking":false,"_monsterinsights_sitenote_active":false,"_monsterinsights_sitenote_note":"","_monsterinsights_sitenote_category":0},"product_brand":[],"product_cat":[19,18],"product_tag":[],"class_list":{"0":"post-7504","1":"product","2":"type-product","3":"status-publish","4":"has-post-thumbnail","6":"product_cat-herbicidas","7":"product_cat-proteccion","9":"first","10":"instock","11":"taxable","12":"shipping-taxable","13":"product-type-simple"},"aioseo_notices":[],"uagb_featured_image_src":{"full":["https:\/\/www.agroserag.com\/site\/wp-content\/uploads\/2021\/08\/Celtic_250SC.jpg",500,500,false],"thumbnail":["https:\/\/www.agroserag.com\/site\/wp-content\/uploads\/2021\/08\/Celtic_250SC.jpg",150,150,false],"medium":["https:\/\/www.agroserag.com\/site\/wp-content\/uploads\/2021\/08\/Celtic_250SC.jpg",300,300,false],"medium_large":["https:\/\/www.agroserag.com\/site\/wp-content\/uploads\/2021\/08\/Celtic_250SC.jpg",500,500,false],"large":["https:\/\/www.agroserag.com\/site\/wp-content\/uploads\/2021\/08\/Celtic_250SC.jpg",500,500,false],"1536x1536":["https:\/\/www.agroserag.com\/site\/wp-content\/uploads\/2021\/08\/Celtic_250SC.jpg",500,500,false],"2048x2048":["https:\/\/www.agroserag.com\/site\/wp-content\/uploads\/2021\/08\/Celtic_250SC.jpg",500,500,false],"woocommerce_thumbnail":["https:\/\/www.agroserag.com\/site\/wp-content\/uploads\/2021\/08\/Celtic_250SC-265x265.jpg",265,265,true],"woocommerce_single":["https:\/\/www.agroserag.com\/site\/wp-content\/uploads\/2021\/08\/Celtic_250SC-450x450.jpg",450,450,true],"woocommerce_gallery_thumbnail":["https:\/\/www.agroserag.com\/site\/wp-content\/uploads\/2021\/08\/Celtic_250SC-100x100.jpg",100,100,true],"sow-carousel-default":["https:\/\/www.agroserag.com\/site\/wp-content\/uploads\/2021\/08\/Celtic_250SC.jpg",182,182,false]},"uagb_author_info":{"display_name":"Mar\u00eda Fernanda Figueroa","author_link":false},"uagb_comment_info":0,"uagb_excerpt":"I.A: QUINCLORAC REGISTRO ICA: PL0001212023 CATEGOR\u00cdA TOXICOL\u00d3GICA: 4 LIGERAMENTE PELIGROSO","_links":{"self":[{"href":"https:\/\/www.agroserag.com\/site\/wp-json\/wp\/v2\/product\/7504","targetHints":{"allow":["GET"]}}],"collection":[{"href":"https:\/\/www.agroserag.com\/site\/wp-json\/wp\/v2\/product"}],"about":[{"href":"https:\/\/www.agroserag.com\/site\/wp-json\/wp\/v2\/types\/product"}],"wp:featuredmedia":[{"embeddable":true,"href":"https:\/\/www.agroserag.com\/site\/wp-json\/wp\/v2\/media\/15576"}],"wp:attachment":[{"href":"https:\/\/www.agroserag.com\/site\/wp-json\/wp\/v2\/media?parent=7504"}],"wp:term":[{"taxonomy":"product_brand","embeddable":true,"href":"https:\/\/www.agroserag.com\/site\/wp-json\/wp\/v2\/product_brand?post=7504"},{"taxonomy":"product_cat","embeddable":true,"href":"https:\/\/www.agroserag.com\/site\/wp-json\/wp\/v2\/product_cat?post=7504"},{"taxonomy":"product_tag","embeddable":true,"href":"https:\/\/www.agroserag.com\/site\/wp-json\/wp\/v2\/product_tag?post=7504"}],"curies":[{"name":"wp","href":"https:\/\/api.w.org\/{rel}","templated":true}]}}